 -d**2 + 5*d - 6. Let t(b) = b - 2. Let p be t(9). Let s(m) = m**2 - 6*m - 2. Let f be s(p). Determine n(f).
-6
Let j(d) = 4*d**2 - 6*d - 9. Let m(y) = -5*y**2 + 6*y + 10. Let l(v) = -7*j(v) - 6*m(v). Give l(-4).
11
Let s be ((-22)/(-4))/(3/6). Let i = -8 + s. Let w(x) = 5*x + 6. Let z(c) = -4*c - 5. Let v(a) = 5*w(a) + 6*z(a). Determine v(i).
3
Let t(g) be the second derivative of -g**5/10 - g**4/4 + g**3/6 + g**2 + 2*g. Suppose -s - 3*q + 1 = -3*s, 3*q = -15. Let i = s + 6. Calculate t(i).
4
Let x(o) be the first derivative of o**4/4 - o**2/2 - 3*o + 9. What is x(0)?
-3
Let t(c) be the second derivative of -c**4/6 + c**3/2 + 2*c**2 - c. Let u = -86 - -89. Calculate t(u).
-5
Let x(w) = -2*w**3 + w**2 + w + 1. Let h be x(-1). Let a = -13 - -14. Let l(z) = -z + 1. Let k(n) = -7*n + 11. Let b(v) = a*k(v) - 6*l(v). Give b(h).
2
Let q(v) = -v**2 + 4*v - 6. Let f be -1 + -4*3/(-12). Let i = 4 - f. Calculate q(i).
-6
Suppose 3*y + 1 + 8 = 0. Let w(q) = 7*q + 9. Let c(j) = -2*j - 3. Let m(a) = 8*c(a) + 3*w(a). Determine m(y).
-12
Let y(o) = 0*o**2 - 2*o**2 - 4*o**3 + 6*o**3 + o. Calculate y(1).
1
Let w(c) = c + c - 2 + 0*c. Give w(-3).
-8
Let c be -3 + 0 - -13 - -4. Let y(k) = -k - 15*k**2 - 2*k + 3 + c*k**2. Give y(-5).
-7
Let w(q) = -36*q**2 - 6*q + 18*q**2 + 2*q + 17*q**2 + 2. What is w(-4)?
2
Let x(f) = -2*f - 4. Let k(m) = m + 6. Let y = -13 + 3. Let z be k(y). Determine x(z).
4
Let j be (-1)/(-1)*5/((-10)/(-12)). Let u(i) = i + 5. What is u(j)?
11
Let x(f) be the first derivative of 3*f**2/2 + f - 15. Determine x(-2).
-5
Let h = 6 - 0. Let x(o) = 3*o**2 - 5 + 12*o**2 - o**3 - 10*o**2 + 9*o. What is x(h)?
13
Let p(t) = -6*t**2 + 7*t**2 - 6 + 11 - 4*t. Give p(4).
5
Let h(v) = -v**2 + 4*v + 6. Let w = -47 + 52. What is h(w)?
1
Let w(z) = 4 - 1 + 0 + z + 3. What is w(-6)?
0
Let j be 1 + (9/(-3) - -1)*-1. Let p(z) = 2*z. Give p(j).
6
Let o(j) = -3. Suppose 5*w = y + 17, y + 5 = -0*w + 2*w. Let v(r) = -r**2 + 1. Let p(k) = w*v(k) + o(k). What is p(1)?
-3
Let d(u) = 6 - u**3 + 7*u**3 + u**2 - 7*u**2 - 5*u**3 - 3*u. What is d(6)?
-12
Let g(p) = -6*p + 4. Suppose -4*v - 19 = -s, -3*v + 0*v - 12 = -3*s. Let w(r) = 4*r - 3. Let h(n) = v*g(n) - 7*w(n). Determine h(-4).
-7
Let a(u) be the second derivative of -u**5/10 - u**4/6 + u**2/2 - 7*u. What is a(-1)?
1
Let n(m) = 2*m + 6. Let t(c) = -c**2 + 5*c + 3. Let d be t(3). Let r = d + -3. Let q(s) = -s**2 + 6*s - 6. Let p be q(r). Give n(p).
-6
Let a(z) = -z**2 + 2583*z + 1 - 2587*z + 3*z**2. What is a(-3)?
31
Let q = -20 + 12. Let n be q/(-6)*27/18. Let h(t) = -t**2 - 2*t + 3. Calculate h(n).
-5
Suppose -3 = -2*v + 5. Suppose 0*o + v*o = 16. Let p(h) = -h**3 + 4*h**2 - 3*h + 6. What is p(o)?
-6
Suppose 0 = -4*r + 22 - 18. Let o(a) = 3*a. What is o(r)?
3
Let j(y) = y**3 + 2*y**2 - y + 2. Let c(p) be the first derivative of -p**2/2 - 9*p - 3. Let h be c(-6). Determine j(h).
-4
Let z(j) = -j**2 + 1. Let v(o) = -4*o**2 + 5. Let r(x) = 2*v(x) - 9*z(x). Let h be (2 - 2) + 4 + -1. Give r(h).
10
Let q(d) = d**3 - 3*d**2 - 6*d + 2. Let w be (-22)/(-5) - (-2)/(-5). Determine q(w).
-6
Let w(j) be the third derivative of j**5/60 + 7*j**4/24 + j**3/6 + j**2. Determine w(-6).
-5
Suppose -y + 1 = 2. Let a(v) = -2*v - 4*v + 5*v + 2*v. Let q(o) = -5*o. Let x(u) = 2*a(u) + q(u). Give x(y).
3
Let m(v) be the first derivative of -3*v**4/8 - 4*v**2 + 6. Let w(t) be the second derivative of m(t). Determine w(-1).
9
Let o(r) = -r**3 + 5*r**2 - 3*r - 3. Let p be o(4). Suppose 4 - p = 2*m + s, 2*m = s + 13. Let g(c) = -c - 2*c**2 - 2*c**2 + c**3 + 0*c. What is g(m)?
-4
Let l = 45 - 50. Let i(z) = -z - 6. Calculate i(l).
-1
Let a = 0 + 2. Let l(q) = -4*q - 7 - q**a + 0 + 4. Suppose -3*t = -0*t + 6. What is l(t)?
1
Let p(d) be the second derivative of d**4/12 + 7*d**3/6 - 7*d**2/2 + 8*d. What is p(-8)?
1
Let q(s) = -1 + 2 - 1 + 2*s - 4. Determine q(4).
4
Let d(h) = 16*h + 15*h - 10 - 32*h. Determine d(-8).
-2
Let r(z) = 4*z + 35 - z**3 - 19 + 2*z + 4*z**2 - 17. What is r(5)?
4
Let p be 4/(-14) - 210/(-49). Let v(o) = o**2 - 4*o + 4. Calculate v(p).
4
Let r(x) be the second derivative of -x**3/3 + 3*x**2 - 15*x. Let y = 10 - 6. Calculate r(y).
-2
Suppose -3*w - 14 = -5*j, 2*j = j - 2*w + 8. Let o(s) = -3 - j*s + 5*s + 1. Determine o(-4).
-6
Let r(a) = -a**2 - 2*a - 4. Suppose 0*c + 2*c - 18 = -4*g, -4*c + 5*g = 29. Let d be (-22)/((3/(-3))/c). Let f be 4/6 + d/6. What is r(f)?
-7
Suppose -2*y - 5*p + 2 + 3 = 0, 3*y = 3*p + 18. Suppose -15 = 6*m - 2*m + 3*i, 0 = 3*m + y*i + 14. Let d(w) = w**3 + 3*w**2 - 1. Give d(m).
-1
Let i(x) = x. Suppose -2*v + 4*n = -7*v + 41, -21 = -5*v + n. Let m(s) be the first derivative of 9*s**2/2 - 4*s + 1. Let q(d) = v*i(d) - m(d). Determine q(3).
-8
Let z(o) = -o**3 - o**2 - 5*o - 3. Let j(u) = u**3 + 6*u + 4. Let v be -7 + (-4)/(-2) + -2. Let a = v + 2. Let f(r) = a*z(r) - 4*j(r). What is f(-2)?
9
Let v(w) = -w**2 - 4*w. Suppose -4*r = 9 + 3. Let s(k) = 3*k + 3. Let f be s(-3). Let c = f - r. Determine v(c).
3
Let u(p) = -15 - p**3 + 13 - p + 10. What is u(0)?
8
Let z(b) be the third derivative of 0 - 1/120*b**6 + 1/24*b**4 - 1/15*b**5 + 0*b + 2/3*b**3 + 6*b**2. Calculate z(-4).
0
Let a(f) = f**3 + 10*f**2 - 10*f + 4. Let v be a(-11). Let p(u) = -u**2 - 6*u + 2. What is p(v)?
-5
Let s(r) = -6*r**3 - 9*r**2 + r. Let n(d) = 7*d**3 + 10*d**2 - 2*d - 1. Let i(t) = -t**2 - 5*t + 9. Let h be i(-7). Let v(l) = h*n(l) - 6*s(l). Give v(-4).
-11
Suppose 0 = 2*m - 0*m + 5*d + 19, -4*m + 5*d + 37 = 0. Let k = -4 - -9. Suppose -m = -6*i + k*i. Let a(x) = -x**2 + x - 3. What is a(i)?
-9
Let q = -11 + 11. Let g(a) = a**3 - a**2 + a - 4. What is g(q)?
-4
Let v = 9 + -9. Suppose -9 = -3*r - v*r, 4*r = -3*z. Let k(b) be the second derivative of b**5/20 + b**4/3 - b**3/6 - 3*b**2/2 + b. Calculate k(z).
1
Suppose -q + 2*q = o - 1, -3*q - 1 = -2*o. Let p(d) be the first derivative of 1 + 7*d - 1/2*d**o. Give p(5).
2
Let v be (1 + 2)/3 - -1. Suppose -2*l - v*q = 2*q - 10, 3*q = 12. Let w(u) = 2*u. What is w(l)?
-6
Let n(w) = -3*w + 29. Let i(j) = j - 10. Let s(b) = -17*i(b) - 6*n(b). Calculate s(-6).
-10
Let l = -8 + 13. Let h be 4/6*(1 - -2). Let f(j) = j**2 + 3 + h + 2*j - 4*j - 3*j. Determine f(l).
5
Let r(z) be the first derivative of 4 - 3 - z**2 + 2 + 3 + z. Calculate r(6).
-11
Let n(b) = 2*b - 5. Let v be n(5). Let f(z) = z**3 + z**2 - 9. Let w(y) = y**3 + 2*y**2 - 11. Let m(o) = 7*f(o) - 6*w(o). Give m(v).
3
Suppose 4*t + 2*u = 20, 2 = u - 0*u. Let k(g) = -7 - g**2 + t*g + 2*g + 11 - g. Calculate k(5).
4
Let o(m) = 3*m**2 + 7*m - 1. Let x(h) = -5*h + 1 - 5*h - 6*h**2 - 3*h. Let q(r) = 5*o(r) + 3*x(r). Suppose 2*t + 10 = -k, -12 = -t + 4*t. Calculate q(k).
-6
Let i(f) be the second derivative of f**3/6 + f**2/2 + 12*f. Determine i(2).
3
Let g(f) = 2*f - 3 + 1 - 1 - 5*f. Calculate g(-2).
3
Let b(t) be the first derivative of t**2/2 + 7*t - 7. Let f be (-4)/(-18) - (-22)/(-99). Determine b(f).
7
Suppose 0*o - 1 = -o. Suppose -8 - o = -3*m. Let z(n) = -n**3 + 4*n**2 - n + 3. What is z(m)?
9
Let z(g) = -g + 2. Suppose -3*w + 16 = b + b, 4*w + 5*b = 33. Suppose -t + 0*t = 5*x - 16, -5*t + 11 = w*x. What is z(x)?
-1
Let r(x) = x**3 - x**2 - 3*x - 2. Let z(i) = 2 - 3 - i + 2*i - i**3. Let k(u) = r(u) + 2*z(u). What is k(0)?
-4
Let i(a) be the second derivative of -a**5/20 - a**4/12 - a**3/6 - 3*a**2 - 22*a. Give i(0).
-6
Suppose -2*k + 18 = 8. Let v = k - 7. Let h(m) = m**3 - 2*m**2 - 3*m - 1. Calculate h(v).
-11
Let q(h) = -h. Let d(i) = -i**3 + 2*i**2 + 6*i - 3. Let t be d(3). Give q(t).
-6
Let t = 11 + -5. Let f(p) be the third derivative of p**5/60 - p**4/4 + p**3/2 - 3*p**2. Calculate f(t).
3
Let l(g) be the second derivative of 5*g + 1/2*g**2 - 2/3*g**3 + 0 - 1/12*g**4. Give l(-2).
5
Let m(s) = -s - 6. Suppose 5*l - 110 = 10*l. Let d = l - -16. Give m(d).
0
Let g(d) = 16*d - 10. Suppose -7 = -0*x + x. Let v(l) = 11*l - 7. Let w(s) = x*v(s) + 5*g(s). Give w(2).
5
Let q(o) = -o + 1. Let i(b) = -3*b + 4. Suppose 6 = -5*f - 2*u - 6, 0 = 5*u - 20. Let p(j) = f*q(j) + i(j). Let m = 7 + -5. Give p(m).
2
Let n(h) = 2*h**2 + 8*h - 16. Let p be n(-5). Let a(f) = 6*f**2 + 11 - 1 - 1 + f**3 + 2*f. Calculate a(p).
-3
Let p(b) = -b + 9. Let z(r) = 3*r - 3. Let j be z(3). Determine p(j).
3
Suppose -4*f - f = -15. Let c be (-4)/(3